{"id":2241,"date":"2022-03-20T14:46:10","date_gmt":"2022-03-20T13:46:10","guid":{"rendered":"https:\/\/fce-vvb.be\/?post_type=mec-events&#038;p=2241"},"modified":"2022-03-20T15:19:31","modified_gmt":"2022-03-20T14:19:31","slug":"conference-fce-eip-plci-pj-business-all-risk-636","status":"publish","type":"mec-events","link":"https:\/\/fce-vvb.be\/index.php\/events\/conference-fce-eip-plci-pj-business-all-risk-636\/","title":{"rendered":"Conf\u00e9rence FCE Li\u00e8ge \u00e0 Spa"},"content":{"rendered":"<p><b>Martine Constant<\/b>, <i>Pr\u00e9sidente<\/i> <i>r\u00e9gionale<\/i> <i>FCE Li\u00e8ge<\/i>, vous invite \u00e0\u00a0 une conf\u00e9rence ce <b>7 <\/b><b>avril<\/b><b> 2022 <\/b>d\u00e8s 18h30 \u00e0 Spa.<\/p>\n<p><b>Anne<\/b> <b>Lussem<\/b><b><i>, <\/i><\/b><i>membre<\/i><i> FCE<\/i>, nous accueillera dans son magnifique domaine au <b><i>Manoir<\/i><\/b><b><i> de <\/i><\/b><b><i>L\u00e9bioles<\/i><\/b> que nous aurons l\u2019honneur de visiter.<\/p>\n<p>Cette conf\u00e9rence sera anim\u00e9e par le <em><strong>Docteur FLABA<\/strong><\/em> sur \" <strong>la beaut\u00e9 \u00e0 tous les \u00e2ges <\/strong>\" suivie par une pr\u00e9sentation des produits belges, bio et naturels <strong>Saphinah Cosmetics<\/strong>, par sa fondatrice<em><strong> Sanah Chaghouani, <\/strong>membre de l'assocation.<\/em><\/p>\n<p><em><span style=\"text-decoration: underline;\">Programme<\/span><\/em>:<\/p>\n<p><strong>18h30<\/strong> : Accueil Ap\u00e9ritif<br \/>\n<strong>19h30<\/strong> : Conf\u00e9rence Docteur Flaba<br \/>\n<strong>20h00<\/strong>: D\u00e9monstration produits<br \/>\n<strong>20h15<\/strong> : repas et networking<\/p>\n<p><em><span style=\"text-decoration: underline;\">Lieu<\/span><\/em> : Domaine de L\u00e9bioles 1\/5 \u00e0 4900 Spa.<\/p>\n<p>Possibilit\u00e9 de loger sur place ou \u00e0 La Maurianne \u00e0 Spa, chez notre membre Jeanne Gilles<\/p>\n<p>PAF : 75\u20ac (membre)\/ 85\u20ac (non membre) \u00e0 verser sur BE85 2100 4611 8906 Asbl FCE-VVB + Nom &amp; pr\u00e9nom<\/p>\n<p><a href=\"https:\/\/forms.office.com\/r\/GtmyJUJpGZ\"><span style=\"text-decoration: underline;\"><img decoding=\"async\" class=\"alignnone size-full wp-image-1028\" src=\"https:\/\/fce-vvb.be\/wp-content\/uploads\/2021\/04\/Bouton-inscription-FCE.png\" alt=\"\" width=\"110\" height=\"43\" \/><\/span><\/a><\/p>\n<p><span style=\"text-decoration: underline;\">Contact<\/span> : Martine Constant <a href=\"mailto:MCo@martineconstant.com\">MCo@martineconstant.com<\/a><\/p>\n","protected":false},"excerpt":{"rendered":"<p>Martine Constant, Pr\u00e9sidente r\u00e9gionale FCE Li\u00e8ge, vous invite \u00e0\u00a0 une conf\u00e9rence ce 7 avril 2022 d\u00e8s 18h30 \u00e0 Spa. Anne Lussem, membre FCE, nous accueillera dans son magnifique domaine au Manoir de L\u00e9bioles que nous aurons l\u2019honneur de visiter. Cette conf\u00e9rence sera anim\u00e9e par le Docteur FLABA sur \u00a0\u00bb la beaut\u00e9 \u00e0 tous les \u00e2ges  [&#8230;]<\/p>\n","protected":false},"author":5,"featured_media":0,"comment_status":"open","ping_status":"closed","template":"","tags":[],"mec_category":[],"class_list":["post-2241","mec-events","type-mec-events","status-publish","hentry"],"_links":{"self":[{"href":"https:\/\/fce-vvb.be\/index.php\/wp-json\/wp\/v2\/mec-events\/2241","targetHints":{"allow":["GET"]}}],"collection":[{"href":"https:\/\/fce-vvb.be\/index.php\/wp-json\/wp\/v2\/mec-events"}],"about":[{"href":"https:\/\/fce-vvb.be\/index.php\/wp-json\/wp\/v2\/types\/mec-events"}],"author":[{"embeddable":true,"href":"https:\/\/fce-vvb.be\/index.php\/wp-json\/wp\/v2\/users\/5"}],"replies":[{"embeddable":true,"href":"https:\/\/fce-vvb.be\/index.php\/wp-json\/wp\/v2\/comments?post=2241"}],"wp:attachment":[{"href":"https:\/\/fce-vvb.be\/index.php\/wp-json\/wp\/v2\/media?parent=2241"}],"wp:term":[{"taxonomy":"post_tag","embeddable":true,"href":"https:\/\/fce-vvb.be\/index.php\/wp-json\/wp\/v2\/tags?post=2241"},{"taxonomy":"mec_category","embeddable":true,"href":"https:\/\/fce-vvb.be\/index.php\/wp-json\/wp\/v2\/mec_category?post=2241"}],"curies":[{"name":"wp","href":"https:\/\/api.w.org\/{rel}","templated":true}]}}

Conférence FCE Liège à Spa

<p><b>Martine Constant</b>, <i>Présidente</i> <i>régionale</i> <i>FCE Liège</i>, vous invite à  une conférence ce <b>7 </b><b>avril</b><b> 2022 </b>dès 18h30 à Spa.</p>
<p><b>Anne</b> <b>Lussem</b><b><i>, </i></b><i>membre</i><i> FCE</i>, nous accueillera dans son magnifique domaine au <b><i>Manoir</i></b><b><i> de </i></b><b><i>Lébioles</i></b> que nous aurons l’honneur de visiter.</p>
<p>Cette conférence sera animée par le <em><strong>Docteur FLABA</strong></em> sur " <strong>la beauté à tous les âges </strong>" suivie par une présentation des produits belges, bio et naturels <strong>Saphinah Cosmetics</strong>, par sa fondatrice<em><strong> Sanah Chaghouani, </strong>membre de l'assocation.</em></p>
<p><em><span style="text-decoration: underline;">Programme</span></em>:</p>
<p><strong>18h30</strong> : Accueil Apéritif<br />
<strong>19h30</strong> : Conférence Docteur Flaba<br />
<strong>20h00</strong>: Démonstration produits<br />
<strong>20h15</strong> : repas et networking</p>
<p><em><span style="text-decoration: underline;">Lieu</span></em> : Domaine de Lébioles 1/5 à 4900 Spa.</p>
<p>Possibilité de loger sur place ou à La Maurianne à Spa, chez notre membre Jeanne Gilles</p>
<p>PAF : 75€ (membre)/ 85€ (non membre) à verser sur BE85 2100 4611 8906 Asbl FCE-VVB + Nom &amp; prénom</p>
<p><a href="https://forms.office.com/r/GtmyJUJpGZ"><span style="text-decoration: underline;"><img decoding="async" class="alignnone size-full wp-image-1028" src="https://fce-vvb.be/wp-content/uploads/2021/04/Bouton-inscription-FCE.png" alt="" width="110" height="43" /></span></a></p>
<p><span style="text-decoration: underline;">Contact</span> : Martine Constant <a href="mailto:MCo@martineconstant.com">MCo@martineconstant.com</a></p>

<p>Martine Constant, Présidente régionale FCE Liège, vous invite à  une conférence ce 7 avril 2022 dès 18h30 à Spa. Anne Lussem, membre FCE, nous accueillera dans son magnifique domaine au Manoir de Lébioles que nous aurons l’honneur de visiter. Cette conférence sera animée par le Docteur FLABA sur  » la beauté à tous les âges  [&#8230;]</p>
