{"id":2558,"date":"2022-11-25T16:12:40","date_gmt":"2022-11-25T15:12:40","guid":{"rendered":"https:\/\/fce-vvb.be\/?post_type=mec-events&#038;p=2558"},"modified":"2022-11-28T08:05:19","modified_gmt":"2022-11-28T07:05:19","slug":"fce-liege-fete-de-noel-et-transition-de-la-presidence-regionale","status":"publish","type":"mec-events","link":"https:\/\/fce-vvb.be\/index.php\/events\/fce-liege-fete-de-noel-et-transition-de-la-presidence-regionale\/","title":{"rendered":"FCE Li\u00e8ge : F\u00eate de No\u00ebl et transition de la pr\u00e9sidence r\u00e9gionale"},"content":{"rendered":"<p><strong>\u2728\ud83c\udf8a\ud83c\udf81 30 id\u00e9es cr\u00e9atives pour faire p\u00e9tiller No\u00ebl Et rendre ce moment magique \u2728\ud83c\udf8a\ud83c\udf81<\/strong><\/p>\n<p><em><strong><br \/>\nMartine Constant<\/strong><\/em>, pr\u00e9sidente de Li\u00e8ge, vous invite \u00e0 passer un moment inoubliable le 22 d\u00e9cembre prochain d\u00e8s 16h.<\/p>\n<p>Ce sera \u00e9galement l'occasion de passer le flambeau \u00e0 <em><strong>Vincianne Jocqueau<\/strong><\/em>, pour la pr\u00e9sidence de Li\u00e8ge des Femmes Chefs d'Entreprises.<\/p>\n<p><span style=\"text-decoration: underline;\">Programme<\/span>\u00a0:<br \/>\n<b>16h :\u00a0<\/b>Mady Andrien, artiste sculptrice li\u00e9geoise, favorise l'entrepreunariat culturel<br \/>\n<b>17h45<\/b>\u00a0: Conf\u00e9rence du Docteur Daniel Hau\u00e9<br \/>\n<b>19h :\u00a0<\/b>\u00a0Verre de l'amiti\u00e9 et d\u00e9part vers le Village\u00a0de No\u00ebl<br \/>\n<b>20h15\u00a0<\/b>:<b>\u00a0<\/b>Ap\u00e9ritif au Village de No\u00ebl<br \/>\n<b>21h :<\/b> Soir\u00e9e de No\u00ebl au restaurant Le Th\u00e8me:\u00a0\"Le Laboratoire oubli\u00e9 des R\u00eaveurs de\u00a0Lune\"<\/p>\n<p>\u27a1\u00a0<a href=\"https:\/\/www.taxlegal-academy.be\/images\/inde\/invitation-fce-22-12-22-def_file.pdf\"><strong><em><span style=\"text-decoration: underline;\">T\u00e9l\u00e9chargez l'invitation ici<\/span><\/em><\/strong><\/a>\u00a0pour toutes les informations pratiques (timing &amp; adresse)<\/p>\n<p><b><br \/>\nParticipation <\/b>\u00e0 verser sur le compte de l'asbl FCE-VVB Belgique BIC\/Swift GEBABEBB - IBAN BE85 2100 4611 8906<br \/>\nPAF : 120 \u20ac pour toutes les activit\u00e9s \/ 95 \u20ac \u00e0 partir de 19h<br \/>\n<span style=\"text-decoration: underline;\">Communication<\/span> : Nom + pr\u00e9nom + soci\u00e9t\u00e9 + FCE Event Li\u00e8ge<\/p>\n<p>\u27a1\u00a0<a href=\"https:\/\/forms.office.com\/r\/kUb0U8fkJx\">I<strong>nscription obligatoire <span style=\"text-decoration: underline;\">via ce lien<\/span><\/strong><\/a><strong>.<\/strong><\/p>\n<p>Nous vous attendons nombreuses, ne tardez pas \u00e0 vous inscrire, places limit\u00e9s \u00e0 30 personnes.<\/p>\n<p>\ud83d\udce7 Contact : <em><strong>Martine Constant<\/strong><\/em> : <a href=\"mailto:MCo@martineconstant.com\"><em><span style=\"text-decoration: underline;\">MCo@martineconstant.com<\/span><\/em><\/a><\/p>\n","protected":false},"excerpt":{"rendered":"<p>\u2728\ud83c\udf8a\ud83c\udf81 30 id\u00e9es cr\u00e9atives pour faire p\u00e9tiller No\u00ebl Et rendre ce moment magique \u2728\ud83c\udf8a\ud83c\udf81 Martine Constant, pr\u00e9sidente de Li\u00e8ge, vous invite \u00e0 passer un moment inoubliable le 22 d\u00e9cembre prochain d\u00e8s 16h. Ce sera \u00e9galement l&rsquo;occasion de passer le flambeau \u00e0 Vincianne Jocqueau, pour la pr\u00e9sidence de Li\u00e8ge des Femmes Chefs d&rsquo;Entreprises. Programme\u00a0: 16h :\u00a0Mady  [&#8230;]<\/p>\n","protected":false},"author":5,"featured_media":2559,"comment_status":"open","ping_status":"closed","template":"","tags":[],"mec_category":[],"class_list":["post-2558","mec-events","type-mec-events","status-publish","has-post-thumbnail","hentry"],"_links":{"self":[{"href":"https:\/\/fce-vvb.be\/index.php\/wp-json\/wp\/v2\/mec-events\/2558","targetHints":{"allow":["GET"]}}],"collection":[{"href":"https:\/\/fce-vvb.be\/index.php\/wp-json\/wp\/v2\/mec-events"}],"about":[{"href":"https:\/\/fce-vvb.be\/index.php\/wp-json\/wp\/v2\/types\/mec-events"}],"author":[{"embeddable":true,"href":"https:\/\/fce-vvb.be\/index.php\/wp-json\/wp\/v2\/users\/5"}],"replies":[{"embeddable":true,"href":"https:\/\/fce-vvb.be\/index.php\/wp-json\/wp\/v2\/comments?post=2558"}],"wp:featuredmedia":[{"embeddable":true,"href":"https:\/\/fce-vvb.be\/index.php\/wp-json\/wp\/v2\/media\/2559"}],"wp:attachment":[{"href":"https:\/\/fce-vvb.be\/index.php\/wp-json\/wp\/v2\/media?parent=2558"}],"wp:term":[{"taxonomy":"post_tag","embeddable":true,"href":"https:\/\/fce-vvb.be\/index.php\/wp-json\/wp\/v2\/tags?post=2558"},{"taxonomy":"mec_category","embeddable":true,"href":"https:\/\/fce-vvb.be\/index.php\/wp-json\/wp\/v2\/mec_category?post=2558"}],"curies":[{"name":"wp","href":"https:\/\/api.w.org\/{rel}","templated":true}]}}

FCE Liège : Fête de Noël et transition de la présidence régionale

<p><strong>✨🎊🎁 30 idées créatives pour faire pétiller Noël Et rendre ce moment magique ✨🎊🎁</strong></p>
<p><em><strong><br />
Martine Constant</strong></em>, présidente de Liège, vous invite à passer un moment inoubliable le 22 décembre prochain dès 16h.</p>
<p>Ce sera également l'occasion de passer le flambeau à <em><strong>Vincianne Jocqueau</strong></em>, pour la présidence de Liège des Femmes Chefs d'Entreprises.</p>
<p><span style="text-decoration: underline;">Programme</span> :<br />
<b>16h : </b>Mady Andrien, artiste sculptrice liégeoise, favorise l'entrepreunariat culturel<br />
<b>17h45</b> : Conférence du Docteur Daniel Haué<br />
<b>19h : </b> Verre de l'amitié et départ vers le Village de Noël<br />
<b>20h15 </b>:<b> </b>Apéritif au Village de Noël<br />
<b>21h :</b> Soirée de Noël au restaurant Le Thème: "Le Laboratoire oublié des Rêveurs de Lune"</p>
<p>➡ <a href="https://www.taxlegal-academy.be/images/inde/invitation-fce-22-12-22-def_file.pdf"><strong><em><span style="text-decoration: underline;">Téléchargez l'invitation ici</span></em></strong></a> pour toutes les informations pratiques (timing &amp; adresse)</p>
<p><b><br />
Participation </b>à verser sur le compte de l'asbl FCE-VVB Belgique BIC/Swift GEBABEBB - IBAN BE85 2100 4611 8906<br />
PAF : 120 € pour toutes les activités / 95 € à partir de 19h<br />
<span style="text-decoration: underline;">Communication</span> : Nom + prénom + société + FCE Event Liège</p>
<p>➡ <a href="https://forms.office.com/r/kUb0U8fkJx">I<strong>nscription obligatoire <span style="text-decoration: underline;">via ce lien</span></strong></a><strong>.</strong></p>
<p>Nous vous attendons nombreuses, ne tardez pas à vous inscrire, places limités à 30 personnes.</p>
<p>📧 Contact : <em><strong>Martine Constant</strong></em> : <a href="mailto:MCo@martineconstant.com"><em><span style="text-decoration: underline;">MCo@martineconstant.com</span></em></a></p>

<p>✨🎊🎁 30 idées créatives pour faire pétiller Noël Et rendre ce moment magique ✨🎊🎁 Martine Constant, présidente de Liège, vous invite à passer un moment inoubliable le 22 décembre prochain dès 16h. Ce sera également l&rsquo;occasion de passer le flambeau à Vincianne Jocqueau, pour la présidence de Liège des Femmes Chefs d&rsquo;Entreprises. Programme : 16h : Mady  [&#8230;]</p>
