{"id":3202,"date":"2025-06-12T19:40:00","date_gmt":"2025-06-12T17:40:00","guid":{"rendered":"https:\/\/fce-vvb.be\/?post_type=mec-events&#038;p=3202"},"modified":"2025-06-12T19:41:24","modified_gmt":"2025-06-12T17:41:24","slug":"new-years-drink-409-154-553-878-863-127-526-106-125","status":"publish","type":"mec-events","link":"https:\/\/fce-vvb.be\/index.php\/events\/new-years-drink-409-154-553-878-863-127-526-106-125\/","title":{"rendered":"Human Leadership Forum"},"content":{"rendered":"<p>\ud83d\ude4b\u200d\u2640\ufe0f \ud835\udc07\ud835\udc2e\ud835\udc26\ud835\udc1a\ud835\udc27 \ud835\udc0b\ud835\udc1e\ud835\udc1a\ud835\udc1d\ud835\udc1e\ud835\udc2b\ud835\udc2c\ud835\udc21\ud835\udc22\ud835\udc29 \ud835\udc05\ud835\udc28\ud835\udc2b\ud835\udc2e\ud835\udc26 \ud835\udfd0\ud835\udfce\ud835\udfd0\ud835\udfd3 \ud83d\ude4b\u200d\u2640\ufe0f<\/p>\n<p>Le <strong>Cercle du Lac<\/strong> en collaboration avec les<strong> FCE-VVB Belgique<\/strong> et<strong> Kineris<\/strong> vous invitent \u00e0 une journ\u00e9e d'<strong>inspiration<\/strong>, de <strong>transformation<\/strong> et d\u2019\u00e9changes autour du <strong>leadership<\/strong> humain et des nouvelles pratiques<strong> manag\u00e9riales<\/strong>.<\/p>\n<p>Comment \u00eatre r\u00e9silient.e dans le chaos ?<\/p>\n<p>\ud83e\udde0 \ud835\udc00\ud835\udc2d\ud835\udc1e\ud835\udc25\ud835\udc22\ud835\udc1e\ud835\udc2b\ud835\udc2c \ud835\udc22\ud835\udc27\ud835\udc2d\ud835\udc1e\ud835\udc2b\ud835\udc1a\ud835\udc1c\ud835\udc2d\ud835\udc22\ud835\udc1f\ud835\udc2c anim\u00e9s par des experts passionn\u00e9s de 8h45 \u00e0 12h00 :<\/p>\n<p><strong>Cindy Linskens<\/strong> - Sanamudra : Les maladies invisibles, des ressources cach\u00e9es!<br \/>\n<strong>S\u00e9verine Guilin<\/strong> - Socios Management : combien co\u00fbtent r\u00e9ellenment les crises internes ?<br \/>\n<strong>Catherine Malchaire<\/strong> - 9 Cube : mesurez la coh\u00e9sion de vos \u00e9quipes pour booster leur performance<br \/>\n<strong>Julie Dendal<\/strong> - Pause bien-\u00eatre avec Kineris (massage assis)<br \/>\n<strong>Beatrice Meulders<\/strong> - Beeteal : Apprendre \u00e0 ne pas \u00eatre d\u2019accord : un levier d\u2019intelligence collective<br \/>\n<strong>Sara Grifo<\/strong> - Be More Experience : Exploitez votre \u00e9nergie pour mieux manager<br \/>\n<strong>C\u00e9line Laloux<\/strong> - Phone Language : Entreprise &amp; couple : vers une nouvelle alliance ?<\/p>\n<p>\ud83c\udfa4 \ud835\udc02\ud835\udc28\ud835\udc27\ud835\udc1f\ud835\udc1e\u0301\ud835\udc2b\ud835\udc1e\ud835\udc27\ud835\udc1c\ud835\udc1e \ud835\udc05\ud835\udc02\ud835\udc04 : \u201c \ud835\udc79\ud835\udc7a\ud835\udc6c - \ud835\udc6c\ud835\udc8f\ud835\udc8b\ud835\udc86\ud835\udc96\ud835\udc99 \ud835\udc86\ud835\udc95 \ud835\udc70\ud835\udc8e\ud835\udc91\ud835\udc82\ud835\udc84\ud835\udc95\ud835\udc94 \ud835\udc85\ud835\udc86 \ud835\udc8d\ud835\udc82 \ud835\udc6e\ud835\udc90\ud835\udc96\ud835\udc97\ud835\udc86\ud835\udc93\ud835\udc8f\ud835\udc82\ud835\udc8f\ud835\udc84\ud835\udc86\u201d 12h30 \u2013 13h00<\/p>\n<p><strong>B\u00e9atrice Delfin Diaz<\/strong>, Pr\u00e9sidente FCE<br \/>\n<strong>Dominique Loroy<\/strong>, Pr\u00e9sidente FCE Namur<br \/>\n<strong>Delphine Mathieux<\/strong>, DG ASD Namur<br \/>\n<strong>Patricia N'Kita,<\/strong> Coaching - Expert HR<\/p>\n<p>Des visions crois\u00e9es sur la gouvernance, la transformation organisationnelle, et la place des femmes dans la RSE.<\/p>\n<p>\ud83e\udd57 \ud835\udc16\ud835\udc1a\ud835\udc25\ud835\udc24\ud835\udc22\ud835\udc27\ud835\udc20 \ud835\udc0b\ud835\udc2e\ud835\udc27\ud835\udc1c\ud835\udc21 &amp; \ud835\udc0d\ud835\udc1e\ud835\udc2d\ud835\udc30\ud835\udc28\ud835\udc2b\ud835\udc24\ud835\udc22\ud835\udc27\ud835\udc20 | 13h00 \u2013 14h00<br \/>\nUn moment convivial pour prolonger les \u00e9changes dans un cadre chaleureux.<\/p>\n<p>\ud835\udc08\ud835\udc27\ud835\udc1f\ud835\udc28\ud835\udc2c \ud835\udc29\ud835\udc2b\ud835\udc1a\ud835\udc2d\ud835\udc22\ud835\udc2a\ud835\udc2e\ud835\udc1e\ud835\udc2c<br \/>\n\ud83d\uddd3\ufe0fMardi 17 juin 2025<br \/>\n\ud83d\udd63\u00a08h30 \u2013 14h00<br \/>\n\ud83d\udccd <strong>Cercle du Lac<\/strong> \u2013 Louvain-la-Neuve<\/p>\n<p>\ud83d\udcbc\u00a0Membres Cercle : Gratuit\u00a0|\u00a0Membres FCE : 55\u20ac\u00a0|\u00a0Non-membres : 75\u20ac<\/p>\n<p>\u2728\u00a0Offrez-vous une pause enrichissante pour mieux performer et transformer votre management.<\/p>\n<p>\ud83c\udf9f\ufe0f <strong>Places limit\u00e9es ! Inscrivez-vous sans plus tarder<\/strong> !<\/p>\n<p><a href=\"https:\/\/www.cercledulac.be\/event\/human-leadership-forum-2025-520\/register\"><img decoding=\"async\" class=\"alignnone wp-image-3107\" src=\"https:\/\/fce-vvb.be\/wp-content\/uploads\/2025\/01\/Bouton-inscription-FCE-1.png\" alt=\"\" width=\"121\" height=\"43\" srcset=\"https:\/\/fce-vvb.be\/wp-content\/uploads\/2025\/01\/Bouton-inscription-FCE-1-200x71.png 200w, https:\/\/fce-vvb.be\/wp-content\/uploads\/2025\/01\/Bouton-inscription-FCE-1.png 220w\" sizes=\"(max-width: 121px) 100vw, 121px\" \/><\/a><\/p>\n<p>\u27a1\ufe0f Participation \u00e0 verser que le compte de l'asbl IBAN BE85 2100 4611 8906.<br \/>\n\u27a1\ufe0f C\u035fo\u035fm\u035fm\u035fu\u035fn\u035fi\u035fc\u035fa\u035ft\u035fi\u035fo\u035fn\u035f : nom pr\u00e9nom + FCE Academy 2<\/p>\n<p>&nbsp;<\/p>\n<p>Au plaisir de vous y accueillir !<\/p>\n<p>L'\u00e9quipe de la FCE-VVB Belgique<\/p>\n","protected":false},"excerpt":{"rendered":"<p>\ud83d\ude4b\u200d\u2640\ufe0f \ud835\udc07\ud835\udc2e\ud835\udc26\ud835\udc1a\ud835\udc27 \ud835\udc0b\ud835\udc1e\ud835\udc1a\ud835\udc1d\ud835\udc1e\ud835\udc2b\ud835\udc2c\ud835\udc21\ud835\udc22\ud835\udc29 \ud835\udc05\ud835\udc28\ud835\udc2b\ud835\udc2e\ud835\udc26 \ud835\udfd0\ud835\udfce\ud835\udfd0\ud835\udfd3 \ud83d\ude4b\u200d\u2640\ufe0f Le Cercle du Lac en collaboration avec les FCE-VVB Belgique et Kineris vous invitent \u00e0 une journ\u00e9e d&rsquo;inspiration, de transformation et d\u2019\u00e9changes autour du leadership humain et des nouvelles pratiques manag\u00e9riales. Comment \u00eatre r\u00e9silient.e dans le chaos ? \ud83e\udde0 \ud835\udc00\ud835\udc2d\ud835\udc1e\ud835\udc25\ud835\udc22\ud835\udc1e\ud835\udc2b\ud835\udc2c \ud835\udc22\ud835\udc27\ud835\udc2d\ud835\udc1e\ud835\udc2b\ud835\udc1a\ud835\udc1c\ud835\udc2d\ud835\udc22\ud835\udc1f\ud835\udc2c anim\u00e9s par des experts passionn\u00e9s de 8h45 \u00e0  [&#8230;]<\/p>\n","protected":false},"author":5,"featured_media":3203,"comment_status":"open","ping_status":"closed","template":"","tags":[],"mec_category":[],"class_list":["post-3202","mec-events","type-mec-events","status-publish","has-post-thumbnail","hentry"],"_links":{"self":[{"href":"https:\/\/fce-vvb.be\/index.php\/wp-json\/wp\/v2\/mec-events\/3202","targetHints":{"allow":["GET"]}}],"collection":[{"href":"https:\/\/fce-vvb.be\/index.php\/wp-json\/wp\/v2\/mec-events"}],"about":[{"href":"https:\/\/fce-vvb.be\/index.php\/wp-json\/wp\/v2\/types\/mec-events"}],"author":[{"embeddable":true,"href":"https:\/\/fce-vvb.be\/index.php\/wp-json\/wp\/v2\/users\/5"}],"replies":[{"embeddable":true,"href":"https:\/\/fce-vvb.be\/index.php\/wp-json\/wp\/v2\/comments?post=3202"}],"wp:featuredmedia":[{"embeddable":true,"href":"https:\/\/fce-vvb.be\/index.php\/wp-json\/wp\/v2\/media\/3203"}],"wp:attachment":[{"href":"https:\/\/fce-vvb.be\/index.php\/wp-json\/wp\/v2\/media?parent=3202"}],"wp:term":[{"taxonomy":"post_tag","embeddable":true,"href":"https:\/\/fce-vvb.be\/index.php\/wp-json\/wp\/v2\/tags?post=3202"},{"taxonomy":"mec_category","embeddable":true,"href":"https:\/\/fce-vvb.be\/index.php\/wp-json\/wp\/v2\/mec_category?post=3202"}],"curies":[{"name":"wp","href":"https:\/\/api.w.org\/{rel}","templated":true}]}}

<p>🙋‍♀️ 𝐇𝐮𝐦𝐚𝐧 𝐋𝐞𝐚𝐝𝐞𝐫𝐬𝐡𝐢𝐩 𝐅𝐨𝐫𝐮𝐦 𝟐𝟎𝟐𝟓 🙋‍♀️</p>
<p>Le <strong>Cercle du Lac</strong> en collaboration avec les<strong> FCE-VVB Belgique</strong> et<strong> Kineris</strong> vous invitent à une journée d'<strong>inspiration</strong>, de <strong>transformation</strong> et d’échanges autour du <strong>leadership</strong> humain et des nouvelles pratiques<strong> managériales</strong>.</p>
<p>Comment être résilient.e dans le chaos ?</p>
<p>🧠 𝐀𝐭𝐞𝐥𝐢𝐞𝐫𝐬 𝐢𝐧𝐭𝐞𝐫𝐚𝐜𝐭𝐢𝐟𝐬 animés par des experts passionnés de 8h45 à 12h00 :</p>
<p><strong>Cindy Linskens</strong> - Sanamudra : Les maladies invisibles, des ressources cachées!<br />
<strong>Séverine Guilin</strong> - Socios Management : combien coûtent réellenment les crises internes ?<br />
<strong>Catherine Malchaire</strong> - 9 Cube : mesurez la cohésion de vos équipes pour booster leur performance<br />
<strong>Julie Dendal</strong> - Pause bien-être avec Kineris (massage assis)<br />
<strong>Beatrice Meulders</strong> - Beeteal : Apprendre à ne pas être d’accord : un levier d’intelligence collective<br />
<strong>Sara Grifo</strong> - Be More Experience : Exploitez votre énergie pour mieux manager<br />
<strong>Céline Laloux</strong> - Phone Language : Entreprise &amp; couple : vers une nouvelle alliance ?</p>
<p>🎤 𝐂𝐨𝐧𝐟𝐞́𝐫𝐞𝐧𝐜𝐞 𝐅𝐂𝐄 : “ 𝑹𝑺𝑬 - 𝑬𝒏𝒋𝒆𝒖𝒙 𝒆𝒕 𝑰𝒎𝒑𝒂𝒄𝒕𝒔 𝒅𝒆 𝒍𝒂 𝑮𝒐𝒖𝒗𝒆𝒓𝒏𝒂𝒏𝒄𝒆” 12h30 – 13h00</p>
<p><strong>Béatrice Delfin Diaz</strong>, Présidente FCE<br />
<strong>Dominique Loroy</strong>, Présidente FCE Namur<br />
<strong>Delphine Mathieux</strong>, DG ASD Namur<br />
<strong>Patricia N'Kita,</strong> Coaching - Expert HR</p>
<p>Des visions croisées sur la gouvernance, la transformation organisationnelle, et la place des femmes dans la RSE.</p>
<p>🥗 𝐖𝐚𝐥𝐤𝐢𝐧𝐠 𝐋𝐮𝐧𝐜𝐡 &amp; 𝐍𝐞𝐭𝐰𝐨𝐫𝐤𝐢𝐧𝐠 | 13h00 – 14h00<br />
Un moment convivial pour prolonger les échanges dans un cadre chaleureux.</p>
<p>𝐈𝐧𝐟𝐨𝐬 𝐩𝐫𝐚𝐭𝐢𝐪𝐮𝐞𝐬<br />
🗓️Mardi 17 juin 2025<br />
🕣 8h30 – 14h00<br />
📍 <strong>Cercle du Lac</strong> – Louvain-la-Neuve</p>
<p>💼 Membres Cercle : Gratuit | Membres FCE : 55€ | Non-membres : 75€</p>
<p>✨ Offrez-vous une pause enrichissante pour mieux performer et transformer votre management.</p>
<p>🎟️ <strong>Places limitées ! Inscrivez-vous sans plus tarder</strong> !</p>
<p><a href="https://www.cercledulac.be/event/human-leadership-forum-2025-520/register"><img decoding="async" class="alignnone wp-image-3107" src="https://fce-vvb.be/wp-content/uploads/2025/01/Bouton-inscription-FCE-1.png" alt="" width="121" height="43" srcset="https://fce-vvb.be/wp-content/uploads/2025/01/Bouton-inscription-FCE-1-200x71.png 200w, https://fce-vvb.be/wp-content/uploads/2025/01/Bouton-inscription-FCE-1.png 220w" sizes="(max-width: 121px) 100vw, 121px" /></a></p>
<p>➡️ Participation à verser que le compte de l'asbl IBAN BE85 2100 4611 8906.<br />
➡️ C͟o͟m͟m͟u͟n͟i͟c͟a͟t͟i͟o͟n͟ : nom prénom + FCE Academy 2</p>
<p>&nbsp;</p>
<p>Au plaisir de vous y accueillir !</p>
<p>L'équipe de la FCE-VVB Belgique</p>

<p>🙋‍♀️ 𝐇𝐮𝐦𝐚𝐧 𝐋𝐞𝐚𝐝𝐞𝐫𝐬𝐡𝐢𝐩 𝐅𝐨𝐫𝐮𝐦 𝟐𝟎𝟐𝟓 🙋‍♀️ Le Cercle du Lac en collaboration avec les FCE-VVB Belgique et Kineris vous invitent à une journée d&rsquo;inspiration, de transformation et d’échanges autour du leadership humain et des nouvelles pratiques managériales. Comment être résilient.e dans le chaos ? 🧠 𝐀𝐭𝐞𝐥𝐢𝐞𝐫𝐬 𝐢𝐧𝐭𝐞𝐫𝐚𝐜𝐭𝐢𝐟𝐬 animés par des experts passionnés de 8h45 à  [&#8230;]</p>
