{"id":3357,"date":"2026-01-17T00:02:27","date_gmt":"2026-01-16T23:02:27","guid":{"rendered":"https:\/\/fce-vvb.be\/?post_type=mec-events&#038;p=3357"},"modified":"2026-01-17T00:36:41","modified_gmt":"2026-01-16T23:36:41","slug":"fce-event-liege-femmes-au-pouvoir-ou-le-pouvoir-des-femmes","status":"publish","type":"mec-events","link":"https:\/\/fce-vvb.be\/index.php\/events\/fce-event-liege-femmes-au-pouvoir-ou-le-pouvoir-des-femmes\/","title":{"rendered":"Femmes au pouvoir &#8230; ou le pouvoir des Femmes ?"},"content":{"rendered":"<p><strong><em>Vinciane Jocqueau<\/em>, pr\u00e9sidente r\u00e9gionale FCE Li\u00e8ge, vous invite \u00e0 un \u00e9v\u00e9nement culturel in\u00e9dit, ce 11 f\u00e9vrier \u00e0 la gare de Li\u00e8ge-Guillemin.<\/strong><\/p>\n<p><strong><span style=\"text-decoration: underline;\">Programme<\/span> :<\/strong><\/p>\n<p><strong>\u00b0 15h30 : visite de l\u2019exposition <em>Cl\u00e9op\u00e2tre Superstar<br \/>\n<\/em>\u00b0 17h30 : brainstorming et interactivit\u00e9 sour forme de jeu<\/strong><br \/>\n<strong>\u00b0 19h : repas networking<\/strong><\/p>\n<p><strong>R\u00e9servez d\u00e9j\u00e0 vos places, elle partent \u00e0 la vitesse V-V' comme le train qui vous d\u00e9posera \u00e0 la gare de Guillemin \ud83d\ude0a<\/strong><\/p>\n<p><strong>\u00b0 <span style=\"text-decoration: underline;\">INSCRIPTION<\/span> \u00b0 \u27a1\ufe0f <a class=\"aKgoauviAZxJAadjRGfyvORexGDtmbTuwaEng \" tabindex=\"0\" href=\"https:\/\/lnkd.in\/emHqpwE2\" target=\"_self\" data-test-app-aware-link=\"\">https:\/\/lnkd.in\/emHqpwE2<\/a><\/strong><\/p>\n<p><strong>Je me r\u00e9jouis de vous y retrouver nombreuses \ud83d\ude0a<\/strong><\/p>\n<p><strong>Vinciane Jocqueau<\/strong><\/p>\n<p><strong>*** Le Comit\u00e9 des Femmes Chefs d'Entreprises Mondiales (FCEM) se tiendra en Egypte du 22 au 24 avril 2026. Informations \u27a1\ufe0f <a href=\"https:\/\/www.fcemcongress.com\/events\/egypt-2025-fr\/\">FCEM World Committee 2025 Egypt FR - FCEM<\/a><\/strong><\/p>\n","protected":false},"excerpt":{"rendered":"<p>Vinciane Jocqueau, pr\u00e9sidente r\u00e9gionale FCE Li\u00e8ge, vous invite \u00e0 un \u00e9v\u00e9nement culturel in\u00e9dit, ce 11 f\u00e9vrier \u00e0 la gare de Li\u00e8ge-Guillemin. Programme : \u00b0 15h30 : visite de l\u2019exposition Cl\u00e9op\u00e2tre Superstar \u00b0 17h30 : brainstorming et interactivit\u00e9 sour forme de jeu \u00b0 19h : repas networking R\u00e9servez d\u00e9j\u00e0 vos places, elle partent \u00e0 la vitesse  [&#8230;]<\/p>\n","protected":false},"author":5,"featured_media":3358,"comment_status":"open","ping_status":"closed","template":"","tags":[],"mec_category":[],"class_list":["post-3357","mec-events","type-mec-events","status-publish","has-post-thumbnail","hentry"],"_links":{"self":[{"href":"https:\/\/fce-vvb.be\/index.php\/wp-json\/wp\/v2\/mec-events\/3357","targetHints":{"allow":["GET"]}}],"collection":[{"href":"https:\/\/fce-vvb.be\/index.php\/wp-json\/wp\/v2\/mec-events"}],"about":[{"href":"https:\/\/fce-vvb.be\/index.php\/wp-json\/wp\/v2\/types\/mec-events"}],"author":[{"embeddable":true,"href":"https:\/\/fce-vvb.be\/index.php\/wp-json\/wp\/v2\/users\/5"}],"replies":[{"embeddable":true,"href":"https:\/\/fce-vvb.be\/index.php\/wp-json\/wp\/v2\/comments?post=3357"}],"wp:featuredmedia":[{"embeddable":true,"href":"https:\/\/fce-vvb.be\/index.php\/wp-json\/wp\/v2\/media\/3358"}],"wp:attachment":[{"href":"https:\/\/fce-vvb.be\/index.php\/wp-json\/wp\/v2\/media?parent=3357"}],"wp:term":[{"taxonomy":"post_tag","embeddable":true,"href":"https:\/\/fce-vvb.be\/index.php\/wp-json\/wp\/v2\/tags?post=3357"},{"taxonomy":"mec_category","embeddable":true,"href":"https:\/\/fce-vvb.be\/index.php\/wp-json\/wp\/v2\/mec_category?post=3357"}],"curies":[{"name":"wp","href":"https:\/\/api.w.org\/{rel}","templated":true}]}}

<p><strong><em>Vinciane Jocqueau</em>, présidente régionale FCE Liège, vous invite à un événement culturel inédit, ce 11 février à la gare de Liège-Guillemin.</strong></p>
<p><strong><span style="text-decoration: underline;">Programme</span> :</strong></p>
<p><strong>° 15h30 : visite de l’exposition <em>Cléopâtre Superstar<br />
</em>° 17h30 : brainstorming et interactivité sour forme de jeu</strong><br />
<strong>° 19h : repas networking</strong></p>
<p><strong>Réservez déjà vos places, elle partent à la vitesse V-V' comme le train qui vous déposera à la gare de Guillemin 😊</strong></p>
<p><strong>° <span style="text-decoration: underline;">INSCRIPTION</span> ° ➡️ <a class="aKgoauviAZxJAadjRGfyvORexGDtmbTuwaEng " tabindex="0" href="https://lnkd.in/emHqpwE2" target="_self" data-test-app-aware-link="">https://lnkd.in/emHqpwE2</a></strong></p>
<p><strong>Je me réjouis de vous y retrouver nombreuses 😊</strong></p>
<p><strong>Vinciane Jocqueau</strong></p>
<p><strong>*** Le Comité des Femmes Chefs d'Entreprises Mondiales (FCEM) se tiendra en Egypte du 22 au 24 avril 2026. Informations ➡️ <a href="https://www.fcemcongress.com/events/egypt-2025-fr/">FCEM World Committee 2025 Egypt FR - FCEM</a></strong></p>

<p>Vinciane Jocqueau, présidente régionale FCE Liège, vous invite à un événement culturel inédit, ce 11 février à la gare de Liège-Guillemin. Programme : ° 15h30 : visite de l’exposition Cléopâtre Superstar ° 17h30 : brainstorming et interactivité sour forme de jeu ° 19h : repas networking Réservez déjà vos places, elle partent à la vitesse  [&#8230;]</p>
