{"id":93,"date":"2020-09-01T14:28:29","date_gmt":"2020-09-01T12:28:29","guid":{"rendered":"http:\/\/vlzimdz.cluster023.hosting.ovh.net\/?page_id=93"},"modified":"2022-01-14T13:10:10","modified_gmt":"2022-01-14T12:10:10","slug":"membres","status":"publish","type":"page","link":"https:\/\/fce-vvb.be\/index.php\/membres\/","title":{"rendered":"Membres"},"content":{"rendered":"<p><div class=\"fusion-fullwidth fullwidth-box fusion-builder-row-1 nonhundred-percent-fullwidth non-hundred-percent-height-scrolling\" style=\"--awb-border-radius-top-left:0px;--awb-border-radius-top-right:0px;--awb-border-radius-bottom-right:0px;--awb-border-radius-bottom-left:0px;--awb-flex-wrap:wrap;\" ><div class=\"fusion-builder-row fusion-row\"><div class=\"fusion-layout-column fusion_builder_column fusion-builder-column-0 fusion_builder_column_2_3 2_3 fusion-two-third fusion-column-first\" style=\"--awb-bg-size:cover;--awb-margin-top:15px;width:66.666666666667%;width:calc(66.666666666667% - ( ( 4% ) * 0.66666666666667 ) );margin-right: 4%;\"><div class=\"fusion-column-wrapper fusion-column-has-shadow fusion-flex-column-wrapper-legacy\"><div class=\"fusion-text fusion-text-1\" style=\"--awb-font-size:30px;--awb-letter-spacing:2px;--awb-text-color:#000000;--awb-text-font-family:&quot;Roboto&quot;;--awb-text-font-style:normal;--awb-text-font-weight:300;\"><p>FCE, LE R\u00c9SEAU QU'IL VOUS FAUT !<\/p>\n<\/div><div class=\"fusion-text fusion-text-2\"><p>\u00catre une femme chef d\u2019entreprise, c'est un double challenge \u00e0 relever : se r\u00e9aliser en tant que femme, et en tant que chef d\u2019entreprise.<\/p>\n<p>En devenant membre de FCE vous vous sentirez soutenue et renforcerez le d\u00e9veloppement de votre entreprise.<\/p>\n<\/div><ul style=\"--awb-size:14px;--awb-iconcolor:#9f031d;--awb-line-height:23.8px;--awb-icon-width:23.8px;--awb-icon-height:23.8px;--awb-icon-margin:9.8px;--awb-content-margin:33.6px;--awb-circlecolor:#ffffff;--awb-circle-yes-font-size:12.32px;\" class=\"fusion-checklist fusion-checklist-1 fusion-checklist-default type-icons\"><li class=\"fusion-li-item\" style=\"\"><span class=\"icon-wrapper circle-yes\"><i class=\"fusion-li-icon fa-check fas\" aria-hidden=\"true\"><\/i><\/span><div class=\"fusion-li-item-content\">\n<p>Un r\u00e9seau f\u00e9minin construit sur des valeurs d\u2019entraide, de solidarit\u00e9 et d\u2019amiti\u00e9.<\/p>\n<\/div><\/li><li class=\"fusion-li-item\" style=\"\"><span class=\"icon-wrapper circle-yes\"><i class=\"fusion-li-icon fa-check fas\" aria-hidden=\"true\"><\/i><\/span><div class=\"fusion-li-item-content\">\n<p>Un cadre de partage et d\u2019\u00e9change de vos exp\u00e9riences professionnelles.<\/p>\n<\/div><\/li><li class=\"fusion-li-item\" style=\"\"><span class=\"icon-wrapper circle-yes\"><i class=\"fusion-li-icon fa-check fas\" aria-hidden=\"true\"><\/i><\/span><div class=\"fusion-li-item-content\">\n<p>Une mise en relation de partenaires B2B au niveau international.<\/p>\n<\/div><\/li><li class=\"fusion-li-item\" style=\"\"><span class=\"icon-wrapper circle-yes\"><i class=\"fusion-li-icon fa-check fas\" aria-hidden=\"true\"><\/i><\/span><div class=\"fusion-li-item-content\">\n<p>Une opportunit\u00e9 de contribuer \u00e0 des actions de lobbying pour le d\u00e9veloppement des droits des femmes.<\/p>\n<\/div><\/li><li class=\"fusion-li-item\" style=\"\"><span class=\"icon-wrapper circle-yes\"><i class=\"fusion-li-icon fa-check fas\" aria-hidden=\"true\"><\/i><\/span><div class=\"fusion-li-item-content\">\n<p>Une association au service de votre l\u00e9gitimit\u00e9.<\/p>\n<\/div><\/li><\/ul><div class=\"fusion-text fusion-text-3\" style=\"--awb-font-size:26px;--awb-letter-spacing:2px;--awb-text-color:#000000;--awb-text-font-family:&quot;Roboto&quot;;--awb-text-font-style:normal;--awb-text-font-weight:300;\"><p>Concr\u00e8tement en devenant membre FCE, vous recevrez :<\/p>\n<\/div><ul style=\"--awb-size:13px;--awb-iconcolor:#9f031d;--awb-line-height:22.1px;--awb-icon-width:22.1px;--awb-icon-height:22.1px;--awb-icon-margin:9.1px;--awb-content-margin:31.2px;--awb-circlecolor:#ffffff;--awb-circle-yes-font-size:11.44px;\" class=\"fusion-checklist fusion-checklist-2 fusion-checklist-default type-icons\"><li class=\"fusion-li-item\" style=\"\"><span class=\"icon-wrapper circle-yes\"><i class=\"fusion-li-icon fa-check-square fas\" aria-hidden=\"true\"><\/i><\/span><div class=\"fusion-li-item-content\">\n<p>Un acc\u00e8s gratuit \u00e0 nos workshops mensuels de la FCE academy.<\/p>\n<\/div><\/li><li class=\"fusion-li-item\" style=\"\"><span class=\"icon-wrapper circle-yes\"><i class=\"fusion-li-icon fa-check-square fas\" aria-hidden=\"true\"><\/i><\/span><div class=\"fusion-li-item-content\">\n<p>Un acc\u00e8s \u00e0 la plateforme #sisterhood qui vous transf\u00e8re dans l\u2019aventure mentor-mentee.<\/p>\n<\/div><\/li><li class=\"fusion-li-item\" style=\"\"><span class=\"icon-wrapper circle-yes\"><i class=\"fusion-li-icon fa-check-square fas\" aria-hidden=\"true\"><\/i><\/span><div class=\"fusion-li-item-content\">Un acc\u00e8s au r\u00e9seau international FCEM via la plateforme FCEM Business communit<\/div><\/li><\/ul><div class=\"fusion-button-wrapper\"><a class=\"fusion-button button-flat fusion-button-default-size button-default fusion-button-default button-1 fusion-button-default-span fusion-button-default-type\" style=\"--button_margin-top:30px;\" target=\"_self\" href=\"https:\/\/forms.office.com\/r\/hgxnQ8ffjG\"><span class=\"fusion-button-text awb-button__text awb-button__text--default\">Formulaire d'adh\u00e9sion<\/span><\/a><\/div><div class=\"fusion-clearfix\"><\/div><\/div><\/div><div class=\"fusion-layout-column fusion_builder_column fusion-builder-column-1 fusion_builder_column_1_3 1_3 fusion-one-third fusion-column-last\" style=\"--awb-padding-top:5px;--awb-padding-right:5px;--awb-padding-bottom:5px;--awb-padding-left:5px;--awb-overflow:hidden;--awb-bg-size:cover;--awb-border-color:#605050;--awb-border-top:1px;--awb-border-right:1px;--awb-border-bottom:1px;--awb-border-left:1px;--awb-border-style:dotted;--awb-border-radius:10px 10px 10px 10px;--awb-margin-top:15px;width:33.333333333333%;width:calc(33.333333333333% - ( ( 4% ) * 0.33333333333333 ) );\"><div class=\"fusion-column-wrapper fusion-column-has-shadow fusion-flex-column-wrapper-legacy\"><div class=\"fusion-text fusion-text-4\" style=\"--awb-font-size:30px;--awb-text-color:#000000;--awb-text-font-family:&quot;Roboto&quot;;--awb-text-font-style:normal;--awb-text-font-weight:300;\"><p>MEMBRE A L'HONNEUR<\/p>\n<\/div><div class=\"fusion-recent-posts fusion-recent-posts-1 avada-container layout-thumbnails-on-side layout-columns-1\"><section class=\"fusion-columns columns fusion-columns-1 columns-1\"><article class=\"post fusion-column column col col-lg-12 col-md-12 col-sm-12\"><div class=\"recent-posts-content\"><span class=\"vcard\" style=\"display: none;\"><span class=\"fn\"><a href=\"https:\/\/fce-vvb.be\/index.php\/author\/beatrice\/\" title=\"Articles par B\u00e9atrice Delfin Diaz\" rel=\"author\">B\u00e9atrice Delfin Diaz<\/a><\/span><\/span><span class=\"updated\" style=\"display:none;\">2024-03-07T12:45:32+01:00<\/span><h4 class=\"entry-title\"><a href=\"https:\/\/fce-vvb.be\/index.php\/2024\/03\/06\/rie-sordo-de-cock\/\">Rie Sordo De Cock<\/a><\/h4><p>  Rie Sordo De Cock, CEO de Scudi Une application Fintech qui va r\u00e9volutionner le monde des RH SCUDI est une application fintech \u00e0 impact social et une solution Saas pour les entreprises. Une application directe pour les employ\u00e9s avec un acc\u00e8s instantan\u00e9 \u00e0 leur ch\u00e8que de paie, n'importe [...]<\/p><\/div><\/article><article class=\"post fusion-column column col col-lg-12 col-md-12 col-sm-12\"><div class=\"recent-posts-content\"><span class=\"vcard\" style=\"display: none;\"><span class=\"fn\"><a href=\"https:\/\/fce-vvb.be\/index.php\/author\/beatrice\/\" title=\"Articles par B\u00e9atrice Delfin Diaz\" rel=\"author\">B\u00e9atrice Delfin Diaz<\/a><\/span><\/span><span class=\"updated\" style=\"display:none;\">2024-03-07T12:46:56+01:00<\/span><h4 class=\"entry-title\"><a href=\"https:\/\/fce-vvb.be\/index.php\/2024\/03\/06\/rosalie-hanotte\/\">Rosalie Hanotte<\/a><\/h4><p>  Vous connaissez l'histoire de PAPPIN Luxury Fashion ? Rosalie nous raconte son histoire passionnante.\u00a0 ' Je suis ravie de vous pr\u00e9senter une marque qui est l'aboutissement du voyage de ma vie, un m\u00e9lange d'esth\u00e9tique, de fonction pratique et de respect profond de notre environnement. Je m'appelle Rosalie Hanotte, [...]<\/p><\/div><\/article><\/section><\/div><div class=\"fusion-sep-clear\"><\/div><div class=\"fusion-separator\" style=\"margin-left: auto;margin-right: auto;margin-top:10px;margin-bottom:30px;width:100%;max-width:170px;\"><div class=\"fusion-separator-border sep-single sep-solid\" style=\"--awb-height:20px;--awb-amount:20px;border-color:#9f031d;border-top-width:1px;\"><\/div><\/div><div class=\"fusion-sep-clear\"><\/div><div class=\"fusion-clearfix\"><\/div><\/div><\/div><div class=\"fusion-layout-column fusion_builder_column fusion-builder-column-2 fusion_builder_column_2_3 2_3 fusion-two-third fusion-column-first\" style=\"--awb-bg-size:cover;width:66.666666666667%;width:calc(66.666666666667% - ( ( 4% ) * 0.66666666666667 ) );margin-right: 4%;\"><div class=\"fusion-column-wrapper fusion-column-has-shadow fusion-flex-column-wrapper-legacy\"><div class=\"fusion-clearfix\"><\/div><\/div><\/div><div class=\"fusion-layout-column fusion_builder_column fusion-builder-column-3 fusion_builder_column_1_3 1_3 fusion-one-third fusion-column-last\" style=\"--awb-padding-top:5px;--awb-padding-right:5px;--awb-padding-bottom:5px;--awb-padding-left:5px;--awb-overflow:hidden;--awb-bg-size:cover;--awb-border-color:#605050;--awb-border-top:1px;--awb-border-right:1px;--awb-border-bottom:1px;--awb-border-left:1px;--awb-border-style:dotted;--awb-border-radius:10px 10px 10px 10px;--awb-margin-top:15px;width:33.333333333333%;width:calc(33.333333333333% - ( ( 4% ) * 0.33333333333333 ) );\"><div class=\"fusion-column-wrapper fusion-column-has-shadow fusion-flex-column-wrapper-legacy\"><div class=\"fusion-text fusion-text-5\" style=\"--awb-font-size:26px;--awb-letter-spacing:2px;--awb-text-color:#000000;--awb-text-font-family:&quot;Roboto&quot;;--awb-text-font-style:normal;--awb-text-font-weight:300;\"><p>Actu de nos membres<\/p>\n<\/div><div class=\"fusion-recent-posts fusion-recent-posts-2 avada-container layout-thumbnails-on-side layout-columns-1\"><section class=\"fusion-columns columns fusion-columns-1 columns-1\"><article class=\"post fusion-column column col col-lg-12 col-md-12 col-sm-12\"><div class=\"recent-posts-content\"><span class=\"vcard\" style=\"display: none;\"><span class=\"fn\"><a href=\"https:\/\/fce-vvb.be\/index.php\/author\/admin5201\/\" title=\"Articles par admin5201\" rel=\"author\">admin5201<\/a><\/span><\/span><span class=\"updated\" style=\"display:none;\">2021-04-23T15:00:31+02:00<\/span><h4 class=\"entry-title\"><a href=\"https:\/\/fce-vvb.be\/index.php\/2020\/09\/04\/244\/\">Natacha Amal : com\u00e9dienne et cheffe d&rsquo;entreprise<\/a><\/h4><p> Natacha Amal, est administratrice et propri\u00e9taire de la soci\u00e9t\u00e9 \u00a0Click For 1, sp\u00e9cialis\u00e9e dans la production de spectacles vivants et production de films cin\u00e9ma et TV et tout ce qui d\u00e9rive de ces activit\u00e9s. Com\u00e9dienne de renom, ces activit\u00e9s-l\u00e0 ne sont pas pour autant arr\u00eat\u00e9es sauf par la pand\u00e9mie. [...]<\/p><\/div><\/article><\/section><\/div><div class=\"fusion-clearfix\"><\/div><\/div><\/div><\/div><\/div><div class=\"fusion-fullwidth fullwidth-box fusion-builder-row-2 nonhundred-percent-fullwidth non-hundred-percent-height-scrolling\" style=\"--awb-border-radius-top-left:0px;--awb-border-radius-top-right:0px;--awb-border-radius-bottom-right:0px;--awb-border-radius-bottom-left:0px;--awb-flex-wrap:wrap;\" ><div class=\"fusion-builder-row fusion-row\"><div class=\"fusion-layout-column fusion_builder_column fusion-builder-column-4 fusion_builder_column_1_1 1_1 fusion-one-full fusion-column-first fusion-column-last\" style=\"--awb-bg-size:cover;\"><div class=\"fusion-column-wrapper fusion-column-has-shadow fusion-flex-column-wrapper-legacy\"><div class=\"fusion-sep-clear\"><\/div><div class=\"fusion-separator\" style=\"margin-left: auto;margin-right: auto;margin-top:15px;margin-bottom:30px;width:100%;max-width:80%;\"><div class=\"fusion-separator-border sep-single sep-solid\" style=\"--awb-height:20px;--awb-amount:20px;border-color:#9f031d;border-top-width:1px;\"><\/div><\/div><div class=\"fusion-sep-clear\"><\/div><div class=\"fusion-text fusion-text-6\" style=\"--awb-font-size:26px;--awb-letter-spacing:2px;--awb-text-color:#000000;--awb-text-font-family:&quot;Roboto&quot;;--awb-text-font-style:normal;--awb-text-font-weight:300;\"><p style=\"text-align: center;\">ENVIE DE DEVENIR MEMBRE ?<\/p>\n<\/div><div class=\"fusion-clearfix\"><\/div><\/div><\/div><div class=\"fusion-layout-column fusion_builder_column fusion-builder-column-5 fusion_builder_column_1_1 1_1 fusion-one-full fusion-column-first fusion-column-last\" style=\"--awb-bg-size:cover;\"><div class=\"fusion-column-wrapper fusion-column-has-shadow fusion-flex-column-wrapper-legacy\"><div class=\"fusion-text fusion-text-7\" style=\"--awb-font-size:26px;--awb-letter-spacing:2px;--awb-text-font-family:&quot;Roboto&quot;;--awb-text-font-style:normal;--awb-text-font-weight:300;\"><p>1. Participez \u00e0 nos activit\u00e9s<\/p>\n<\/div><div class=\"fusion-text fusion-text-8\"><p>Chaque mois, nous organisons des activit\u00e9s dans diff\u00e9rentes r\u00e9gions en Belgique et participons aux activit\u00e9s de FCEMondial \u00e0 l'\u00e9tranger.<\/p>\n<p>Vous y \u00eates cordialement invit\u00e9e afin de faire connaissance et de d\u00e9velopper votre r\u00e9seau.<\/p>\n<\/div><div class=\"fusion-button-wrapper\"><a class=\"fusion-button button-flat fusion-button-default-size button-default fusion-button-default button-2 fusion-button-default-span fusion-button-default-type\" target=\"_self\" href=\"https:\/\/forms.office.com\/r\/hgxnQ8ffjG\"><span class=\"fusion-button-text awb-button__text awb-button__text--default\">Formulaire d'adh\u00e9sion<\/span><\/a><\/div><div class=\"fusion-text fusion-text-9\" style=\"--awb-font-size:26px;--awb-letter-spacing:2px;--awb-text-font-family:&quot;Roboto&quot;;--awb-text-font-style:normal;--awb-text-font-weight:300;\"><p><span style=\"background-color: rgba(255, 255, 255, 0); color: var(--body_typography-color); font-style: var(--body_typography-font-style,normal);\"><br \/>2. Validation de votre candidature<\/span><\/p>\n<\/div><div class=\"fusion-text fusion-text-10\"><p>Apr\u00e8s validation de votre candidature par l''organe d'administration, il vous sera demand\u00e9 d'effectuer le paiement de 200 EUR \u00e0 titre de cotisation annuelle.<\/p><\/p>\n<\/div><div class=\"fusion-clearfix\"><\/div><\/div><\/div><\/div><\/div><div class=\"fusion-fullwidth fullwidth-box fusion-builder-row-3 nonhundred-percent-fullwidth non-hundred-percent-height-scrolling\" style=\"--awb-border-radius-top-left:0px;--awb-border-radius-top-right:0px;--awb-border-radius-bottom-right:0px;--awb-border-radius-bottom-left:0px;--awb-flex-wrap:wrap;\" ><div class=\"fusion-builder-row fusion-row\"><div class=\"fusion-layout-column fusion_builder_column fusion-builder-column-6 fusion_builder_column_1_1 1_1 fusion-one-full fusion-column-first fusion-column-last\" style=\"--awb-padding-top:40px;--awb-padding-bottom:40px;--awb-bg-size:cover;--awb-filter:hue-rotate(100deg);--awb-filter-transition:filter 0.3s ease;--awb-filter-hover:hue-rotate(0deg);\"><div class=\"fusion-column-wrapper fusion-column-has-shadow fusion-flex-column-wrapper-legacy\"><div class=\"fusion-text fusion-text-11\" style=\"--awb-font-size:30px;--awb-letter-spacing:2px;--awb-text-color:#000000;--awb-text-font-family:&quot;Roboto&quot;;--awb-text-font-style:normal;--awb-text-font-weight:300;\"><p style=\"text-align: center;\">NOTRE PASSION COMMUNE, L'ESPRIT D'ENTREPRENDRE<\/p>\n<\/div><div class=\"fusion-clearfix\"><\/div><\/div><\/div><\/div><\/div><\/p>\n","protected":false},"excerpt":{"rendered":"","protected":false},"author":1,"featured_media":0,"parent":0,"menu_order":0,"comment_status":"closed","ping_status":"closed","template":"","meta":{"footnotes":""},"class_list":["post-93","page","type-page","status-publish","hentry"],"_links":{"self":[{"href":"https:\/\/fce-vvb.be\/index.php\/wp-json\/wp\/v2\/pages\/93","targetHints":{"allow":["GET"]}}],"collection":[{"href":"https:\/\/fce-vvb.be\/index.php\/wp-json\/wp\/v2\/pages"}],"about":[{"href":"https:\/\/fce-vvb.be\/index.php\/wp-json\/wp\/v2\/types\/page"}],"author":[{"embeddable":true,"href":"https:\/\/fce-vvb.be\/index.php\/wp-json\/wp\/v2\/users\/1"}],"replies":[{"embeddable":true,"href":"https:\/\/fce-vvb.be\/index.php\/wp-json\/wp\/v2\/comments?post=93"}],"version-history":[{"count":42,"href":"https:\/\/fce-vvb.be\/index.php\/wp-json\/wp\/v2\/pages\/93\/revisions"}],"predecessor-version":[{"id":2156,"href":"https:\/\/fce-vvb.be\/index.php\/wp-json\/wp\/v2\/pages\/93\/revisions\/2156"}],"wp:attachment":[{"href":"https:\/\/fce-vvb.be\/index.php\/wp-json\/wp\/v2\/media?parent=93"}],"curies":[{"name":"wp","href":"https:\/\/api.w.org\/{rel}","templated":true}]}}